 - (0 + -1)). Suppose 0*f = t*f - 15. Let p(a) = 2*a**2 - 4*a + 5. Let d(z) = z + 2. Let b(i) = -d(i) + p(i). Give b(f).
6
Suppose 11*g - 16*g - 2*y = 19, -5*g - 5*y = 10. Let r(p) = -2*p + 1. What is r(g)?
11
Let j(x) = 3*x**3 + x**2 + 1. Let m(b) = 17*b**3 - 8*b**2 - b - 7. Let t(w) = -6*j(w) + m(w). What is t(-14)?
1
Let f(n) = 12*n**3 + 2*n**2 + n. Let w(q) = 2*q - 1. Let o be -5 + 8 - (-3)/(-1). Let j be w(o). Calculate f(j).
-11
Suppose 5*w + 1 + 29 = 0. Let f(y) = -y**3 - 5*y**2 + 5*y + 3. Calculate f(w).
9
Suppose -b + 15 = 1. Suppose -9*s = -b*s - 10. Let d(i) be the second derivative of 2*i**3/3 + i**2 - i. Calculate d(s).
-6
Let u(i) = i**2 - 8*i + 7. Let x be (7 - 6)*(2 - -1) + 0. Suppose -x*b + z = -3*z - 33, -4*b = -z - 31. Give u(b).
0
Let v(i) = i - 10. Suppose 3 - 5 = -a. Let g be a/3 - 224/12. Let f = -12 - g. What is v(f)?
-4
Let s(b) = -7*b**3 - 5*b**2 + 48*b + 12. Let h(k) = -k**3 + k**2 + 6*k - 1. Let v(w) = -6*h(w) + s(w). What is v(-12)?
18
Let a(j) = -5 - 3*j + 5*j - j - j**2 + 6*j. Let g(o) = -2*o + 7. Let n be g(-4). Suppose -y - p = y - n, 27 = 5*y - p. What is a(y)?
1
Let m(x) be the third derivative of 1/60*x**5 - x**2 + 0*x + 1/2*x**3 + 0 + 1/24*x**4. Determine m(0).
3
Let z(u) = 102*u - 49*u + 1 - 50*u. Let v(c) = -c**2. Let b be v(-2). What is z(b)?
-11
Let w(c) = -c**3 - 7*c**2 - 8*c - 6. Let z be (-32)/(-3) + -11 + (-17)/3. Determine w(z).
6
Let k(c) be the third derivative of -c**4/24 + 11*c**3/6 + 36*c**2 + 1. Calculate k(13).
-2
Let m(u) = -6*u**2 + 5*u + 5. Let t = -2200 - -2189. Let q(h) be the first derivative of -6*h**3 + 7*h**2 + 14*h + 1. Let w(v) = t*m(v) + 4*q(v). What is w(-1)?
-6
Let r(a) = 2*a**3 - a**2 - 3*a. Let c(l) = 9*l**3 - 11*l**2 - 8*l + 5. Let x(f) = -c(f) + 4*r(f). What is x(6)?
7
Suppose 19*a + 144 = a. Let c(n) = -4*n - 12. Calculate c(a).
20
Let m(i) = i**2 - 5*i + 5. Let o(y) = 9*y + 283. Let u be o(-31). Calculate m(u).
1
Let o be 84/18*6/4. Let k(x) = -x**2 + 9*x + 9. Give k(o).
23
Let r be 4/(-3)*(-18)/8. Let f(z) be the first derivative of -z**3/3 + z**2/2 - z + 4. Let c(u) be the first derivative of f(u). Determine c(r).
-5
Let f(h) = -2*h**3 + h**2 + 2*h. Let d(t) = t + 12. Suppose 3*v = k - 7, 0 = 2*v + 2*k - 6 + 24. Let u be d(v). Suppose -2*r - 2*r = -u. Calculate f(r).
-8
Let t(p) be the first derivative of 3/2*p**2 - p - 2/3*p**3 - 1/4*p**4 - 13. What is t(-3)?
-1
Suppose -29*c + 49 = -36*c. Let d(m) = -m**2 - 4*m - 1. Give d(c).
-22
Let i(f) be the first derivative of f + 8 - 1/3*f**3 + f**2. Let c(v) = 6*v**2 - 10*v - 5. Let h(k) = 2*c(k) + 11*i(k). What is h(-3)?
4
Let g(p) = p**2 + 2. Let m(l) = 3*l**2 - 5*l + 3. Let j(d) = 2*g(d) - m(d). What is j(6)?
-5
Let j be -4 + 2 + -3 + 1. Let b(w) = -w**3 - 8*w**2 + 2*w - 5. Let u(k) = -k**3 - 8*k**2 + 3*k - 6. Let g(q) = j*b(q) + 5*u(q). What is g(-9)?
8
Let r(l) = -l + 1. Let v(h) = 2*h - 1. Let d(u) = -7*r(u) - 4*v(u). Let z(i) = -i**2 + 19*i - 34. Suppose 14*c = 387 - 149. Let f be z(c). Determine d(f).
-3
Let p(a) = 4*a - 23. Let x be p(7). Let v be -5*-2*1/x. Let l(t) = t**2. Determine l(v).
4
Let g(x) = x**3 - 7*x**2 + 7*x - 12. Let y(l) = -3*l + 60. Let d be y(18). Determine g(d).
-6
Let c(d) = -6*d. Let s(p) = p + 1. Suppose 2*h + 5*f = -0*h - 13, 2*h - f = 5. Let v(q) = h*c(q) + 5*s(q). Calculate v(4).
1
Let s be (-2)/4*(2 - (3 + 3)). Let n(v) = -4 + 3*v**2 - 5*v - 5*v**2 + 6*v**s - 3*v**2. Determine n(5).
-4
Suppose 7 = -5*t + 3*b, t + 4*b = -3*t + 20. Suppose 0 = -2*o - 5*i - 2 + t, o + 4*i = -5. Let d(u) = -u**3 + 7*u**2 + u - 5. What is d(o)?
2
Let z(u) be the third derivative of 0*u + 5/24*u**4 + 1/120*u**6 - 5*u**2 + 0 - 1/15*u**5 - u**3. Give z(4).
14
Let m = 20 - 23. Let k be m/((-9)/21 + 0). Let o(u) = u**3 - 8*u**2 + 9*u - 2. Give o(k).
12
Let v(a) = 3*a + 35. Let l = 230 - 241. Give v(l).
2
Suppose -3 - 7 = -5*v. Let s(t) be the second derivative of t**4/12 - t**3/3 + 51*t. Give s(v).
0
Let v(l) = l - 5. Let b(s) = s - 3. Let a(w) = -11*b(w) + 6*v(w). Let o be a(-1). Let y(i) = -i**3 + 8*i**2 - 4. Determine y(o).
-4
Let p(t) = -4*t**2 + 7*t + 4. Let j(h) = 5*h**2 - 6*h - 5. Let x(c) = -5*j(c) - 6*p(c). Determine x(-12).
1
Let k(a) = -a - 13 + 13 - 1. Give k(6).
-7
Let f(a) = a - 9. Let m(g) = -2*g + 16. Let h(p) = -9*f(p) - 4*m(p). What is h(8)?
9
Let j(c) = -c**2 - 6*c + 6. Let a be (-476)/77 - 4/(-22). Let v be j(a). Let t(l) be the second derivative of -l**3/6 + 2*l**2 + 23*l. What is t(v)?
-2
Let h = 1220 - 1215. Let b(o) = 4*o. What is b(h)?
20
Let l(q) = -q**2 + 7*q - 6. Suppose -338 = 5*h - 358. Determine l(h).
6
Let v(t) = 7*t**2 - t - 2. Suppose 2*f - 1 - 3 = 0, 2*z = 2*f. Calculate v(z).
24
Let b(n) = n**2 + 5*n + 3. Let v be b(-5). Let h(d) be the second derivative of -1/6*d**4 + d - d**2 + 0 + 5/6*d**3. Determine h(v).
-5
Suppose 3*h - 3*a - 36 = 0, 4*h - 3*a = -0*a + 44. Let q(v) = -v**2 + 11*v - 20. Let u be q(h). Let g(r) = -r**3 + 3*r**2 + 4*r. Determine g(u).
0
Suppose -2*y + 5*f + 5 = -6, 0 = -4*y + 2*f - 2. Let r(b) = b - 1. Determine r(y).
-3
Let r(j) be the second derivative of j**3/3 + 5*j**2 - 2*j. Let v(k) = -k**2 + 2*k + 7. Let a be v(-3). Give r(a).
-6
Let b(l) = 3*l - 4. Let d(j) = 58*j - 10 + 1 - 51*j. Let n(f) = -13*b(f) + 6*d(f). What is n(-2)?
-8
Let r(g) = -g - 2. Let c(u) = -u**2 - 27*u - 12. Let m be c(-13). Suppose -166*z = -m*z - 12. Calculate r(z).
1
Let t = -74 - -76. Let v(j) = 1 - j + 100*j**2 - 2 + 15*j**3 - 101*j**t. Give v(-1).
-16
Let n(f) = -f**3 - 3*f**2 + 4*f - 21. Let j be n(-5). Suppose -3 = -s + j. Let d(g) = g**3 - 12*g**2 - 2*g + 18. Give d(s).
-6
Let l(o) = o**2 + 10*o + 12. Let f be (-7 - 17)*5/15. Determine l(f).
-4
Let b be -3 + (-9)/(-2)*2. Let y = 4 - b. Let t(v) = v - 1. Let s(g) = g. Let x(w) = 3*s(w) - t(w). What is x(y)?
-3
Let w(p) = p. Let s(q) = 2*q - 6. Let t(y) = -s(y) - 4*w(y). Determine t(4).
-18
Let p = 21 - 15. Let s = -8 + p. Let l(j) = -2*j**2 - 3*j - 3. Determine l(s).
-5
Let m(i) = 7 - 2 + 9 - 11 + 2*i**2 - 3*i**2 - 5*i. Give m(-4).
7
Suppose -9*s - 4 = -11*s. Suppose 2 = -i + 4. Let h(z) = -5*z + 0*z + 10*z**2 - 11*z**s - i. What is h(-2)?
4
Let i(l) = 16*l - 1. Suppose -9 = -6*y + 9. Suppose -y*d + 3 = -0*d. Determine i(d).
15
Let o = -5 - -10. Suppose -o*h = -5*b - 10, h - 13 = 5*b + 1. Let q(a) be the third derivative of -a**4/12 - 2*a**3/3 - a**2. Give q(b).
2
Let g(f) = -f**2 - 7*f + 8. Let u be g(-6). Let l = 15 - u. Suppose w + l = 2. Let q(d) = -7*d + 1. Calculate q(w).
-6
Let g(v) = -v**2 - 3*v + 3. Let l(q) = -q**3 - 2*q - 4. Let w be l(0). Suppose -4*b - 14 - 10 = 0. Let f be (b/w)/(2/(-4)). Give g(f).
3
Suppose 3*z = 5*m + 2, 2*m = -z + 31 - 12. Let p(f) = f**2 - 7*f - 13. Determine p(z).
5
Let d(y) = 18 + 19 + 15 - y**2 + 14*y + 19 - 76. What is d(9)?
40
Let h(n) be the first derivative of 9*n**2/2 - 4*n + 218. Calculate h(5).
41
Let i(f) be the second derivative of -f**3/2 + 5*f**2/2 + 68*f. Determine i(-6).
23
Suppose -59*y = -81*y - 44. Let b(q) = 0 + 0*q - 2 + q. Determine b(y).
-4
Let i(t) = t**3 - 5*t**2 - 4*t - 10. Let x be i(6). Let v(y) = -6*y + 47*y**3 + 54*y**3 + x - 100*y**3 - 5*y**2. Determine v(6).
2
Let n(x) = -x**3 + 7*x**2 - 5*x + 4. Suppose 4*a + 17 = w, 4*w - 2*a - 3*a = 57. Let l be ((-8)/12 + 1)/((-1)/(-42)). Suppose -6 = -l*g + w*g. Determine n(g).
10
Let m = -7 - -3. Suppose -6*v - 3*u + 12 = -2*v, -2*v - u + 4 = 0. Let w(f) = -2*f - 1 + f + v*f. Calculate w(m).
3
Let g(k) be the first derivative of -k**5/60 + k**4/24 + k**3/6 - 3*k**2/2 - 3. Let p(u) be the second derivative of g(u). What is p(0)?
1
Let o(d) = -d**2 - d + 3. Let q(u) = 12*u + 11. Let r be q(3). Suppose -r + 7 = 10*y. What is o(y)?
-9
Let i(d) = -d**2 - 13*d - 1. Let r(v) = v**3 - 2*v**2 + 2*v - 12. Let y be r(0). Calculate i(y).
11
Suppose 2*q + 3 = -k + 8, -9 = -3*k. Let u = q - -5. Let b(i) = u*i + 1 - 4*i + 0*i. Calculate b(1).
3
Let c(t) = -t**3 + 7*t**2 - t + 10. Let o = -141 - -148. Determine c(o).
3
Suppose 26 = 4*y - 2*g, 3*y + 3*g = y - 7. Let l(o) be the third derivative of 0 + 0*o + 1/12*o**5 - 4*o**2 - 1/6*o**4 - 1/6*o**3 - 1/120*o**6. What is l(y)?
-1
Let s(f) = -13*f**2 - 3*f - 15. Let k(r) be the first derivative of 7*r**3/3 + r**2 + 8*r + 1. Suppose 3*z = 5 + 13. Let o(d) = z*s(d) + 11*k(d). What is o(4)?
